 divided by 349?
14
Suppose 0 = 5*u + 25*u - 330. Suppose f - 4*w = 28 + u, 111 = 5*f + w. Calculate the remainder when f is divided by (8 + 0)*3/2.
11
Let m(f) = 121*f - 1074. Calculate the remainder when 424 is divided by m(10).
16
Let j = 16 + -12. Let f = j - 25. Let h = f - -28. What is the remainder when 13 is divided by h?
6
Let f(m) = m**3 - 18*m**2 + 9*m - 28. Calculate the remainder when f(18) is divided by 52.
30
Let s = -16113 - -16157. Suppose 20 = 5*t - j - 5, -4*j = 5*t. Suppose t*w - 23 = 3*w. What is the remainder when s is divided by w?
21
Let s(i) = i**3 - 20*i**2 - 19*i + 45. Let m be s(21). Suppose -277 = -5*u - x, -3*u = 2*x - 75 - m. Calculate the remainder when u is divided by 15.
11
Suppose -3*o + 8 = -5*f + 53, -2*f - o + 29 = 0. Let b be -29 + 31 + (-210 - (0 + 2)). Let g = b - -280. What is the remainder when g is divided by f?
10
Let v be ((-6)/4)/((-2)/4) + 119. Let j = -19 + 61. Suppose -44*u = -j*u - v. Calculate the remainder when u is divided by 8.
5
What is the remainder when 358 is divided by (16 + -29)*2882/(-286)?
96
Let i = 11504 - 11163. Calculate the remainder when i is divided by 226.
115
Let m(j) = -j**3 + 20*j**2 + 62*j - 1452. What is the remainder when 1997 is divided by m(19)?
83
Let b be (1508/232)/(1/14). Suppose -3*p + 8*p - 575 = 0. Let i = p - b. What is the remainder when 90 is divided by i?
18
Suppose -3*s = -g - 80, s + 4*g - 30 = 14. Let u = -479 - -484. Suppose u*q = -2*q + 371. Calculate the remainder when q is divided by s.
25
Let u(q) = q**2 + 3*q. Let o be u(-6). Let l = o + 6. Calculate the remainder when l is divided by (-158)/(-18) - 4/(-18).
6
Suppose -h - 4*h = -120. Suppose -13*n + h = -5*n. Suppose -10*j = -n*j - 126. Calculate the remainder when j is divided by 13.
5
Let z(j) = 6*j**2 + 716*j + 87. What is the remainder when z(-120) is divided by 280?
7
Suppose -3*q - 8 = -4*q. Suppose j = w + q, 10 = 5*j + 5*w - 0*w. Calculate the remainder when (-6)/132*-307 - (51 + -39)/(-264) is divided by j.
4
Let u = 15413 + -14623. Calculate the remainder when u is divided by 66.
64
Let x be (-160)/(-32) - (6 + -1)*1. Suppose -5*p = -2*r + 65, r + 2*r - 3*p - 102 = x. What is the remainder when 101 is divided by r?
31
Suppose -6*u - 1020 = -3*u - 3*r, -3*u + r = 1016. Let c be 4/12 + u*1/(-3). Suppose -c = -10*v + 137. What is the remainder when 72 is divided by v?
22
Suppose 5*c - 75753 = -4*o, 45442 = 3*c + 93*o - 92*o. What is the remainder when c is divided by 81?
79
Suppose 6050 = 32*q - 87*q. Let j = q - -276. Calculate the remainder when j is divided by 88.
78
Suppose -621*l - 608*l + 7007 = -1180*l. Calculate the remainder when l is divided by (-4)/(-6)*(17 + 1).
11
Let f(h) = -2001*h + 14022. Let l(t) = 4*t**2 + 6*t - 3. What is the remainder when l(4) is divided by f(7)?
10
Let m(s) = s**3 - 6*s**2 - 6*s + 1. Let b = -974 - -983. What is the remainder when b is divided by m(7)?
1
Suppose -r = 4*y - 5*r - 1128, -3*y + 866 = 2*r. Suppose 0 = -6*d + y - 4. Calculate the remainder when d is divided by 18.
11
Let l be -3 - (-244)/84 - 88945/(-105). Let f = 859 - l. Calculate the remainder when 2354/18 + (-4)/(-18) is divided by f.
11
What is the remainder when (-3 + (-361)/2)/(8/(-32)) is divided by 232?
38
Let t(p) = p**3 - 16*p**2 + 51*p - 98. Calculate the remainder when t(18) is divided by 35.
33
Let t(w) = 4*w + 133. Let j(n) = 4*n**2 - 11*n - 4. Let x be j(2). Calculate the remainder when t(x) is divided by 31.
0
Suppose -224 = 2*o + 2*x, -5*x + 232 = -2*o - 3*x. Let l be -215*2*(511/(-70) + 7). Let j = o + l. Calculate the remainder when 43 is divided by j.
13
Suppose -21*f - 2527 = -0*f - 10381. Suppose -4*n + 26 + 90 = 0. Calculate the remainder when f is divided by n.
26
Suppose -17*i = -78 + 282. Let m = 9 + -47. Let h = i - m. Calculate the remainder when h is divided by 9.
8
Suppose -j = -s + 200, j - 211 - 381 = -3*s. Suppose 4*w = 2*i - s, 4*w + 8 = -0*w. What is the remainder when i is divided by 4?
3
Suppose -22 = y - 8. Let v(u) = -6*u - 51. Calculate the remainder when v(y) is divided by 10.
3
Suppose 0 = -3*h + 37 - 28. Suppose -31 - 53 = -h*s. Suppose s = -6*q + 82. What is the remainder when q is divided by 3?
0
Calculate the remainder when 377 is divided by 13184/768 + 5/6.
17
Suppose -6*o - 52 = 14. Let x = o + 21. What is the remainder when (-4)/3 - 142/(-3) is divided by x?
6
What is the remainder when 903 is divided by 5*7 - (-195 - -193)?
15
Suppose -660*s + 228*s = -2013984. Calculate the remainder when s is divided by 13.
8
Let w = 157 + -353. Let r = w + 208. Calculate the remainder when 59 is divided by r.
11
Let a(i) = 16 + i - 8*i + 0*i - 11*i. What is the remainder when a(-10) is divided by 40?
36
Let l(q) = 2*q**2 - q - 1300. What is the remainder when 3996 is divided by l(-36)?
12
Let k(c) = -5*c - 80. Let m be k(-14). Calculate the remainder when 29 is divided by 5*m*(-24)/150.
5
Suppose 0 = 3*t + 18, x = -5*t - 100 + 626. What is the remainder when x is divided by 260?
36
Suppose -4*t + 252 = -153 + 125. What is the remainder when 784 is divided by t?
14
Suppose 178*z - 175*z - 1005 = 0. Suppose 361 = 24*r - z. Calculate the remainder when 665 is divided by r.
27
Let p be (84 + -83)*(-1 - 88/(-2)). What is the remainder when 121 is divided by (p - 7) + 7/(14/(-4))?
19
Let v(z) = 26*z**2 + 10 + 44*z - 22*z**2 - 14*z. What is the remainder when v(-8) is divided by 17?
9
Let g = 659 - 486. Let m = 177 - g. Calculate the remainder when 27 is divided by m.
3
Let q(d) be the second derivative of d**4 - 3*d**3/2 + 7*d**2 - 58*d. What is the remainder when q(4) is divided by 59?
52
Let f = 0 + 14. Let c be (-17)/(-4) - (-1)/(-4). Calculate the remainder when f is divided by 12/(60/70*7/c).
6
Let b(l) = -5*l + 36. Let a be b(8). Let j(c) = -9*c - 2. What is the remainder when 78 is divided by j(a)?
10
Let l(z) = z**3 + z**2 + 2. Let k be l(-2). Suppose 122*t - 34 = -5*j + 123*t, 3*t - 34 = -2*j. What is the remainder when 1/k + 981/18 is divided by j?
6
Suppose -15*t + 11*t + 28596 = s, -85821 = -3*s - t. Calculate the remainder when s is divided by 67.
66
Suppose a + 8023 = 4*p - 1120, 5*p = a + 11430. Calculate the remainder when p is divided by 16.
15
Calculate the remainder when 3423 is divided by (100/(-3))/(-2) - (-58 + 5280/90).
15
Let a(l) = -2*l**3 + 60*l**2 - 46*l - 257. Calculate the remainder when 1357 is divided by a(29).
83
Suppose -2*y = 2*y. Suppose 0 = -2*l - 2*k - k + 21, -l + 4*k + 27 = y. Let s(a) = -6*a**2 - 73*a - 8. What is the remainder when l is divided by s(-12)?
3
Calculate the remainder when ((-1)/2)/((-52)/778648) is divided by 72.
71
Let z = 5091 - 4903. Calculate the remainder when 4694 is divided by z.
182
Let s(n) = -1936*n - 11866. What is the remainder when s(-9) is divided by 91?
7
Suppose 3*m = -2*g + 29120, 4*g = 79*m - 75*m - 38840. Calculate the remainder when m is divided by 10.
8
Suppose 2*s = -3*p + 60 + 41, 2*p = 3*s - 171. Calculate the remainder when s is divided by (-2)/6*438/584*-56.
13
Let z(r) = -r**2 - 25*r - 112. Let t be z(-5). Calculate the remainder when 81 is divided by 2/t + (0 - (-278)/12).
12
Suppose 200 = 27*r + 38 - 513. Calculate the remainder when 6297 is divided by r.
22
Suppose 3*q + 2 = 38. Suppose 4*y = -1381*n + 1385*n - 152, 5*n - 178 = 3*y. Calculate the remainder when n is divided by q.
8
Let r(u) = u**3 - 28*u**2 - 239*u - 49. Suppose -x + 4*x = -9, 0 = 2*h - 3*x - 51. Let n = 6 + h. Calculate the remainder when r(-6) is divided by n.
26
Let x(g) = -2*g**3 + 2*g**2 + 223*g + 109. Calculate the remainder when x(0) is divided by 41.
27
Suppose 2*o - 3*o = -10. Let h be 7/3 - (-44)/(-6). Calculate the remainder when 1/(0 + h/(-85)) is divided by o.
7
Let p(x) = -4*x - 29. Let j(q) = 95*q**3 - 5*q**2 + 6*q - 2. Calculate the remainder when j(1) is divided by p(-17).
16
Let r = 350 + -346. Suppose -4*h + r*v = -124, -h + 92 = 2*h - 2*v. What is the remainder when 477 is divided by h?
27
Let w be 135/4 - 4/(-18 + 2). Let h = w + -41. Let c = h - -10. Calculate the remainder when 19 is divided by c.
1
Let w = 40612 + -25663. What is the remainder when w is divided by 21?
18
Suppose -17*n = -9*n - 120. Suppose -3*j - n = -84. What is the remainder when 91 is divided by j?
22
Let l = 